c + 5*b - 146, -5*c = 3*b - 0*b - 238. What is the remainder when c is divided by j(i)?
15
Let p = 18 - 4. Let j(d) = 5*d**2 + d**3 + p - 15*d**2 + 4*d**2. Calculate the remainder when j(6) is divided by 5.
4
Suppose -k = -10 - 7. Let d(v) = 150*v - 16772. What is the remainder when d(112) is divided by k?
11
Let o = 5579 + -5431. What is the remainder when 729 is divided by o?
137
Let c = -21 - -32. Suppose 15*y - 11*y = 20. Suppose 3*x + 5*n = 94, -5*x + y*n - 3*n + 198 = 0. What is the remainder when x is divided by c?
5
Let d = -40 - -42. Suppose -a - 8 = 5*f, -52 = -a - 4*a - d*f. Let j(o) = -2*o + 35. What is the remainder when j(a) is divided by 7?
4
Suppose 5*j + 3*u - 50 = 0, -j + 5*u - 6 = 12. What is the remainder when 2609 is divided by j?
5
Let g(n) = -15*n + 3. Let m be (-117)/(-18) + 2/(-4). Suppose m*k + 107 - 269 = 0. What is the remainder when g(-5) is divided by k?
24
Suppose 0 = 5*f + 3*t - 6*t - 92, -3*t = 2*f - 62. Suppose -4 = -a - 3, 0 = -3*z + 4*a + 14. What is the remainder when 642/4*4/z is divided by f?
19
Suppose -7812*k + 61226 = -7766*k. Calculate the remainder when k is divided by 23.
20
Let k be 15/3*(-6 + 5). Let o(m) = 5*m**2 - 4*m + 17. Let f be o(k). Let p = f + -127. What is the remainder when 68 is divided by p?
33
Let m = 624 - 577. Let v = -23 + 22. Let s = 25 + v. Calculate the remainder when m is divided by s.
23
Suppose -5*o = -2*o - 33. Suppose -24*z + 94 = -2 - 0. Calculate the remainder when o + (-2 - (0 - 2)) is divided by z.
3
Let l = 6173 - 5487. Calculate the remainder when l is divided by 6.
2
Let k = 2345 - 2253. Calculate the remainder when 470 is divided by k.
10
What is the remainder when 587 is divided by 39 - (2 + -16) - 3?
37
Let d = 624 - 608. Let f(w) = 17*w - 21. What is the remainder when f(4) is divided by d?
15
Suppose 4*n - 140 = i, -5*n - 675 = 4*i + i. What is the remainder when 3*-3*(i/6)/4 is divided by 15?
6
Suppose -3*q = 5*x + 1741, 1733 = 4*q - 7*q - x. Let z = q + 599. Calculate the remainder when z is divided by (-4)/(-10) + (-72)/(-20).
2
What is the remainder when 63 is divided by (-1 + (1 - 4))*(5/(-4) + -2)?
11
Let b be 3 - 200/6*3/(-2). Let m = 57 - b. What is the remainder when 391/3 - m/(-6) is divided by 19?
17
Suppose -720 = -18*i - 2*i. Let r = -347 + 464. What is the remainder when r is divided by i?
9
Let l(u) = 3*u + 219. Calculate the remainder when 862 is divided by l(-68).
7
Let c(b) = b**3 + 4*b**2 + 439. What is the remainder when c(0) is divided by 42?
19
Let y(g) = 256*g + 885. What is the remainder when 1497 is divided by y(-2)?
5
Suppose 0*m - 78 = -3*m. Let s = -16 + 21. Let x(t) = t**2 - 9. What is the remainder when m is divided by x(s)?
10
Suppose -3*c + 5217 = 3093. Let o(q) = 15*q + 19. Calculate the remainder when c is divided by o(4).
76
Suppose 18*i = 27*i - 63. Let t(j) = -j**3 + 6*j**2 + 10*j - 13. Suppose 23 = -2*v + 3*v. Calculate the remainder when v is divided by t(i).
7
Suppose 44*l = 25*l + 513. What is the remainder when 1645 is divided by l?
25
Suppose -5*d - t = -249, d + 3*d - 198 = -2*t. What is the remainder when 623 is divided by d?
23
Let q(g) = g**3 - 2*g**2 + 6*g - 1. Suppose 188*s - 5400 = 128*s. Calculate the remainder when q(6) is divided by s.
89
Let n(h) = 24*h + 39. Let q be n(5). Let d(b) = -10*b - 2. Calculate the remainder when 2/(1*(-2)/q*-3) is divided by d(-2).
17
Let f = -4 + -338. Calculate the remainder when 36/f - (-3084)/57 is divided by 10.
4
Let d(v) = 47*v - 619. What is the remainder when 350 is divided by d(14)?
38
Let m(r) = r + 9. Let a(w) = -9*w**2 - 2*w + 2. Let l be a(1). Let n be m(l). Suppose f + 2 - 13 = n. Calculate the remainder when 54 is divided by f.
10
Suppose 5*y = -5*y + 10. Suppose 24 = 3*h - 3*p, 5*h = 4*h - 2*p - y. What is the remainder when (-3)/(-4 - (-46)/12) is divided by h?
3
Suppose 9*b - 65 = 97. Suppose -2*u = 4*q - 66, 20*u = b*u - 5*q + 68. What is the remainder when 369 is divided by u?
21
Suppose 0 = -4*p + 313 + 47. Suppose -108*z + 175 = -103*z - 4*h, 2*h = -z + 21. Calculate the remainder when p is divided by z.
28
Suppose -3*o = -6*o + p + 11, -1 = -3*o - p. Let j(y) = 68*y - 9. Calculate the remainder when j(o) is divided by 23.
12
Suppose -41 - 253 = -14*z. What is the remainder when 2853 is divided by z?
18
Suppose 0 = 11*d - 3*d - 24. Suppose -d*k - 114 = -9*k. Calculate the remainder when 189 is divided by k.
18
Let z(v) = -v**3 - v**2 + 16*v - 132. Let o be z(0). Let g = o - -225. What is the remainder when g is divided by 34?
25
Suppose 0 = -2*v - 14*v + 80. Suppose 3*l + r = -0*r + 137, 200 = v*l - 4*r. What is the remainder when 173 is divided by l?
41
Let z be (-142)/10 + -1 + 27/135. Let h(k) = -k**3 - 14*k**2 + 13*k + 65. Calculate the remainder when h(z) is divided by 24.
23
Let n be 1 - 727/(-2) - (-3)/6. Suppose 0 = 2*d - 13*j + 18*j - n, 190 = d - 5*j. What is the remainder when d is divided by 19?
14
What is the remainder when 114 - (-19 + 10 + (8 - -1)) is divided by 46?
22
Suppose 38 - 18 = 4*d. Let r(z) = -z**3 + 6*z**2 + 2*z - 6. What is the remainder when r(d) is divided by 22?
7
Let t = -59 - -125. Suppose 0 = 38*o - 32*o - t. Let b(l) = -63*l - 2. Calculate the remainder when b(-1) is divided by o.
6
Let d = 1339 + -881. Calculate the remainder when d is divided by 456.
2
Suppose -2*h - 2 = -v + 9, 3*v - h - 28 = 0. Suppose 2*p = 17 + 25. What is the remainder when p is divided by (-100)/(-17) + v*16/1224?
3
What is the remainder when (-292)/9*-3*2814/67 is divided by 29?
28
Suppose 3*l - 1830 - 2753 = 5*j, 2*l + 4*j - 3070 = 0. Calculate the remainder when 1560 is divided by l.
29
Let q be -2 + 62 - (-12 + 9). Let b(p) = -6*p + 24. Let c be b(5). What is the remainder when (0 - q/c)*(-20)/(-3) is divided by 27?
16
Let s be 4/((-40)/25)*(-12)/5. Let f be 1*91 + (-3 - (-36)/s). Let d = 112 - f. Calculate the remainder when 63 is divided by d.
9
What is the remainder when 1048 is divided by 45/(-6)*((-1144)/39 + 6)?
173
Let k = 245 - 241. Suppose -9*s + 95 = -k*s. What is the remainder when 33 is divided by s?
14
Let u be (-69)/((-20)/(-8) - (-2 + 5)). Suppose c - u = -4*l, -4*c + 2*c = l - 38. What is the remainder when l is divided by 14?
6
What is the remainder when 1223 is divided by (-864)/(-1008)*(0 + 7) - (1 - 0)?
3
Suppose -q + 57 = -4*j - 17, -4*j = 4. Let k = 103 + -161. Let n = k + q. Calculate the remainder when 20 is divided by n.
8
Let j be 2/4*(10 - -1316). Suppose 0 = 14*o - o - j. Calculate the remainder when 301 is divided by o.
46
Let b = -136 + 174. Suppose -3*c = -f - 144, -b = -2*c - 5*f + 41. What is the remainder when c is divided by 26?
21
Let l be 6/9*6378/(-4). Let z = -975 - l. Let d(b) = 15*b. Calculate the remainder when z is divided by d(1).
13
Let u = 340 - 590. What is the remainder when 122 is divided by -4 + (-300)/(-72) - u/12?
17
Suppose -6*l = 4*l - 120. Suppose -5*n = v + l, -2*n - 2*n - 9 = v. What is the remainder when (1 - v)*(-14 - (-1 + 6)) is divided by 22?
16
Let v = 14574 - 11862. What is the remainder when v is divided by 97?
93
Let y(n) be the third derivative of -n**6/120 + n**5/5 - 5*n**4/8 + 2*n**3/3 + 10*n**2. Suppose -7 = -b + 1. What is the remainder when y(10) is divided by b?
6
Let n(p) = p**3 + 11*p**2 + 5. Let h be n(-11). Let x = h - -35. Suppose 2*w - 1 - 19 = -4*z, 0 = -5*z + w + 32. What is the remainder when x is divided by z?
4
Let t = 218009 - 217899. Let h(a) = 11*a**2 + 3*a + 1. Let z be h(-2). Suppose 0 = -4*y + 37 + z. What is the remainder when t is divided by y?
15
Let q(l) = -l**2 + 40*l - 107. Let m = 40 + -37. Suppose -m*y = y - 132. What is the remainder when y is divided by q(37)?
1
Suppose -4*w = 0, 8*n + 2*w - 130 = 3*n. What is the remainder when 56 is divided by n + (42/7 - 3)?
27
Let k(x) = 6*x + 36. Let q(h) = h**3 - 2*h**2 - 3*h - 4. Let i be q(4). Suppose 3*y - 2 = i. Calculate the remainder when k(y) is divided by 37.
35
Let z = 35610 - 35598. Calculate the remainder when 912 is divided by z.
0
Suppose -3*a + 5*o = -340, 10*a - 4*o = 8*a + 222. What is the remainder when 252 is divided by a?
2
Let l be (-11 + -761)*2/(-8). Suppose 201*h - 656 = l*h. Let j(c) = 5*c - 6. Calculate the remainder when h is divided by j(4).
12
What is the remainder when 1883